Let g(w) be the first derivative of w**2/2 - w + 3095. What is g(a)?
4
Suppose 0 = 50*m - 75 - 25. Let a(p) = -6*p + 5 + 922*p**m - 923*p**2 - 5. Determine a(-5).
5
Let a(u) be the first derivative of u**4/4 - 8*u**3/3 + 3*u**2 - 4*u + 1. Suppose -3*m = -40*d + 37*d + 9, 0 = -3*m + 2*d. What is a(m)?
-40
Let w(n) = n**3 + 20*n**2 - n - 11. Let i(s) = 57*s + 835. Let z be i(-15). Give w(z).
9
Suppose 2*d - 3*t = 16, 3*d - 3*t = 6*d + 6. Let l(w) = 1873 - d*w**3 + w - 1873. Determine l(-1).
1
Let h(c) be the third derivative of -c**5/20 - c**4/12 - c**2. Let q = 3751 + -3747. Let y(x) = 5*x**2 + 3*x. Let j(o) = q*y(o) + 7*h(o). What is j(-2)?
0
Let p(y) = -y**2 + 12*y - 10. Let f(s) = 2*s**2 - 23*s + 19. Let v(d) = -3*f(d) - 5*p(d). Calculate v(5).
13
Let r be 1 + (-2)/(-1) + 40 + -8. Let n be ((-15)/r + 1)/(1/7). Let b(d) = -2*d + 1. Calculate b(n).
-7
Suppose -g + 18 = 4*j, 3*j = -3*g + 27 - 9. Let k(q) = q**3 - 5*q**2 + 1. Determine k(j).
-15
Let g(n) = n - 8. Let f = -34 + 56. Let m = 28 - f. Let o = -1 + m. Determine g(o).
-3
Suppose -145*q + 518 = 373. Let h(v) be the first derivative of -1/2*v**2 + 14*v - q. Calculate h(6).
8
Let r = -1041 + 1044. Let d(j) = -7*j - 3 - 3 + 10*j + 2. Give d(r).
5
Let x(c) = c**3 - 9*c**2 - 2*c + 2. Let l = -2658 + 2667. Give x(l).
-16
Let i(b) be the first derivative of 4/3*b**3 + 1/4*b**4 + 3/2*b**2 - 20 + 8*b. Determine i(-4).
-4
Let f be (27/12)/(-9)*(3 - -25)*1. Let u(w) = -w**3 - 6*w**2 + 6*w - 12. What is u(f)?
-5
Let n(k) = 10 + 24*k - 36 - 23*k. Suppose 144 = 2*o + 10*o. Calculate n(o).
-14
Let c(p) = -p**2 - 11*p - 22. Suppose -11*i = -8*i + 24. Let v be c(i). Let g(z) = -4*z**3 + 11*z**3 - 2*z**2 - 6*z**3 - z. Calculate g(v).
-2
Suppose -8*o + 84 + 220 = 0. Let f(z) = -8*z**3 + o*z**2 - 36*z**2 + 4 - 5. Suppose 4*r - 4 + 0 = 0. Give f(r).
-7
Let k(b) = -b**2 + 5*b + 6. Let d(w) = -w**3 + 10*w**2 + 9*w - 2. Let l be d(10). Let q = -86 + l. Suppose 3*z = -2*r + 3, -q*r + 7*r - 21 = -3*z. Give k(r).
0
Let c(x) be the first derivative of -7*x**4/12 - 30*x + 41. Let l(a) be the first derivative of c(a). Suppose 4*n + 4*y + 12 = 0, n + 3*n + 2 = y. What is l(n)?
-7
Let i be 45/(-63)*(-2 - 12). Let y(c) = -c**3 + 9*c**2 + 7*c + 17. What is y(i)?
-13
Suppose 0 = -2*o + o - 8. Let w(b) be the first derivative of b + 11 + 1/3*b**3 + 7/2*b**2. Determine w(o).
9
Let p(x) = 5*x + 14. Let y be p(-2). Let a(v) = y*v + 85671*v**2 - 8 - v**3 + 0*v**3 - 85677*v**2. What is a(-6)?
-32
Let z be ((-135)/18 + 8)*-2. Let q(n) be the third derivative of -11*n**6/120 - n**3/6 - 56*n**2. Give q(z).
10
Let h(t) be the second derivative of 3/2*t**2 + 0 - 66*t - 1/12*t**4 + 3/2*t**3. Calculate h(10).
-7
Let y(u) be the second derivative of 2/3*u**3 + 3/2*u**2 - 3*u - 19 - 1/12*u**4. What is y(6)?
-9
Let w be 26/8 - 1/4. Let i = 111 - 102. Let z(q) = -14*q - 2*q**2 + 9*q - 1 + i*q. Calculate z(w).
-7
Let b(x) = -2*x**2 - 2*x + 12. Let t(a) = a**2 + a - 3. Let k(c) = b(c) + 4*t(c). Give k(0).
0
Suppose 10 = -17*l + 18*l. Suppose l*a = 13*a - 6. Let h(g) = 5*g**2 + g**2 + 0*g + 0*g**a + 8*g - g**3. What is h(7)?
7
Suppose 2*x = 5*p - p - 66, 4*x + 57 = 3*p. Let d(h) = 2 - p + h + 4*h + 9. Give d(2).
6
Let g(z) = 2*z + 1. Let m(p) = -33*p. Let c be m(2). Let a = c - -67. Let n be 6 + -6 - (a + 2). Determine g(n).
-5
Let u(w) = 2*w - 46. Suppose -2*z + 5*k = -22, -5*z - 5*k = -83 - 7. Give u(z).
-14
Let q(m) = -m**2 - 6*m + 14. Suppose 208 = 274*p - 300*p. Calculate q(p).
-2
Suppose 4*d = -i - 1, i + 3*i + 2*d = 10. Let w(z) = 6 - z - 4 + 5 - i. Suppose -s = m + 3 - 0, 5*s = 4*m - 15. Determine w(m).
4
Let p(g) = -g**2 + 7*g + 9. Let w = -485 - -489. Let m(r) = -r - 1. Let l(o) = w*m(o) + p(o). Calculate l(6).
-13
Let i(z) = -18*z. Let k(y) = -y. Let f(j) = i(j) - 27*k(j). Suppose 5*c - 112 = 18. Let a be c/117 + (-7)/(-9). Give f(a).
9
Let p(t) = -t**3 + t + 2. Let l(s) = 2*s**2 - 3*s - 10. Let y be l(4). Suppose -33 = -y*v + 67. Suppose 6 = -v*n - 24. What is p(n)?
26
Suppose 0*a + 39 = 4*a - m, -a = 3*m. Let x(z) be the first derivative of 2*z**3/3 - 19*z**2/2 + 3*z - 106508. Calculate x(a).
-6
Let s(h) = 2 + 633*h - 1246*h + 621*h - 6. What is s(1)?
4
Let j(l) = -9*l - 23 - 9 + 69 - 13. Give j(5).
-21
Suppose 0 = -3*l - 2*l + 115. Let s = l + 23. Let y = s - 53. Let g(n) = n**3 + 8*n**2 + 6*n - 2. Give g(y).
5
Let u(p) = 2482*p**2 - 4926*p**2 + 9 + 2445*p**2. Calculate u(-5).
34
Let f(k) be the first derivative of k - 1/3*k**3 - 4*k**2 - 7. Calculate f(-6).
13
Suppose 5*m - 187*v = -183*v - 94, 0 = -2*m - v - 22. Let a(i) = -i**3 - 14*i**2 - 12*i - 174. What is a(m)?
-6
Let z(i) be the first derivative of 0*i - 30 - 2*i**2 + 1/3*i**3. Determine z(4).
0
Let b = 143 + -143. Suppose -2*i - 12 + 2 = -m, -4*m - i + 4 = b. Let y(t) = -m*t**2 - 5 + 3*t**2 - t + 4*t + t. Give y(-6).
7
Let r be -4 + 2 + -15 + 7 + 0. Let g(z) = z**2 + 11*z + 4. Give g(r).
-6
Let n = -199 + 204. Let a(f) = f - 7*f - 4 + n*f + 2*f**2 + 1. What is a(3)?
12
Let z(j) = j**2 + j + 9. Let m be (30/(-50))/(5/50). What is z(m)?
39
Let z(w) be the second derivative of -1/2*w**2 + 59*w + 0 - 1/2*w**3. Calculate z(7).
-22
Let l(v) be the third derivative of -v**4/4 - 29*v**3/6 + 14*v**2. What is l(-4)?
-5
Suppose 0 = -49*l + 26*l + 92. Let g be l + -1 + 4 + 0. Let f(z) = 3*z - 8. What is f(g)?
13
Let x(w) = 7*w + 81. Let r be x(-14). Let l(j) = j**2 + 3*j - 9. Let g(q) = -3*q**2 - 9*q + 27. Let c(v) = r*l(v) - 6*g(v). Calculate c(-5).
1
Suppose 4*g - t = 20, 3*g = -g - 2*t - 4. Let s(w) be the third derivative of -1/2*w**g - 1/24*w**4 + 0*w - 35*w**2 + 0. Determine s(-11).
8
Let t be 64/10 + (-258)/645. Let k(s) be the third derivative of s**5/40 - s**4/4 + s**3/3 - s**2. Let w(v) be the first derivative of k(v). Determine w(t).
12
Let u = 174 + -124. Let g = 49 - u. Let n(x) = -x**3 - x**2 - x. Let z(b) = -5*b - 3. Let v(q) = g*n(q) + z(q). What is v(-2)?
1
Let h be 2/(-7) - (186/(-14) + -4). Let d(b) = b**3 - 1 + 11*b - 46*b**2 + 17*b**2 + h*b**2. What is d(11)?
-1
Let q(z) be the third derivative of z**6/120 - z**5/60 - z**4/12 + 5*z**3/6 - 534*z**2. Calculate q(2).
5
Let c = -280 + 283. Let x be 2/5*5/c*-6. Let b(g) = -g**2 + 5*g + 1. Calculate b(x).
-35
Let t be (12 + -24)/(-32 - -20). Let u(y) = -1 - 6*y + 2*y + 4*y + y**2 + 2*y**3. Give u(t).
2
Let w(f) be the first derivative of -f**5/20 + f**4/2 - 7*f**3/6 + 2*f**2 - 91*f + 64. Let x(h) be the first derivative of w(h). What is x(4)?
8
Let r(p) = 5*p - 5. Let o(l) = -6*l + 6. Let k(b) = -6*o(b) - 7*r(b). Suppose 3*z = z + 34. Suppose -3*n = i - z, 2*n - 8 = 2*i - 2. What is k(i)?
1
Let y = 399 - 269. Suppose y = 90*g - 77*g. Let j(z) = -z + 9. Determine j(g).
-1
Let q(z) = 2*z**2 - 3*z + 1. Suppose -2*u - 2 = 0, 2 = -4*j + 5*u + 3. Let c(k) = -8*k - 1. Let i(m) = m. Let v(o) = c(o) + 5*i(o). Let y be v(j). What is q(y)?
3
Let m(x) = -x**2 + 7*x**2 - 11*x**2 - 20*x + 4*x**2 + 51. Let w be m(-22). Let t(g) = w - 8*g + 0*g - g**2 - 5 + 6*g. Calculate t(3).
-13
Let q(a) = a**3 + 5*a**2 + a - 3. Suppose p = 2*p - 21. Suppose 23*g - p*g + 16 = 0. Let y be g/(-14) - (-64)/(-14). What is q(y)?
9
Let i(v) be the first derivative of -v**4/4 + 16*v**3/3 - 15*v**2/2 - 13*v + 1. Let u = -100961 + 100976. What is i(u)?
-13
Let b(d) = -d + 1. Let g = 178 - 181. Suppose -n - 2*n + 4*j + 31 = 0, -5*n + 4*j + 41 = 0. Let o be (-5)/(8 - (n + g))*-6. What is b(o)?
-4
Let s(p) = p**2 - 3*p - 2. Suppose 13*j - 6 = 10*j. Suppose -4*w = 2*z - 7*z + 18, j*z + 4*w = 24. Give s(z).
16
Let m be (64/(-14))/((-3757)/91 - -41). Let h(s) = -11*s + 24. What is h(m)?
-152
Let c(w) = -742*w + 242*w + 244*w + 250*w + 10. What is c(0)?
10
Suppose -39*m + 33*m + 12 = 0. Let x(n) = -5*n**m - 3 + 273*n**3 + 3*n - 272*n**3 + 0*n. Calculate x(4).
-7
Let k(u) = -u**3 + 7*u**2 - 9*u - 4. Let n(x) = x**2 + 3*x - 49. Let f be n(-9). Let o(w) = 2*w**3 - 12*w**2 + 18*w + 7. Let p(d) = f*k(d) + 2*o(d). Give p(10).
4
Suppose 4*p - 12 = 3*v - 0*v, 0 = -p + 5*v + 3. Let y(t) = -12*t + 14*t**p - 1 - t + 2*t**2 + 13*t. Determine y(-1).
-13
Let p(i) = 4*i**2 - 17*i - 2. Let w = -7358 + 7363. Give p(w).
13
Let z = 20 - 16. Let d(m) = 24*m - 1 - z - 27*m + 4 - m**3 - 3*m**2. Give d(-2).
1
Let f(k) = -11*k**2 + 12*k - 18. Let c(i) = -4*i**2 + 4*i - 6. Let x(